{"id":89,"date":"2023-06-11T20:22:28","date_gmt":"2023-06-11T20:22:28","guid":{"rendered":"https:\/\/5deabrilde15232.com\/?page_id=89"},"modified":"2023-10-27T16:35:21","modified_gmt":"2023-10-27T16:35:21","slug":"agradecimientos","status":"publish","type":"page","link":"https:\/\/5deabrilde15232.com\/index.php\/agradecimientos\/","title":{"rendered":"agradecimientos"},"content":{"rendered":"<p>[et_pb_section fb_built=&#8221;1&#8243; _builder_version=&#8221;4.21.0&#8243; _module_preset=&#8221;default&#8221; background_color=&#8221;gcid-95532fe2-b533-45be-a1fd-121a4e99dc88&#8243; global_colors_info=&#8221;{%22gcid-95532fe2-b533-45be-a1fd-121a4e99dc88%22:%91%22background_color%22%93}&#8221;][et_pb_row column_structure=&#8221;1_3,1_3,1_3&#8243; _builder_version=&#8221;4.21.0&#8243; _module_preset=&#8221;default&#8221; global_colors_info=&#8221;{}&#8221;][et_pb_column type=&#8221;1_3&#8243; _builder_version=&#8221;4.21.0&#8243; _module_preset=&#8221;default&#8221; global_colors_info=&#8221;{}&#8221;][\/et_pb_column][et_pb_column type=&#8221;1_3&#8243; _builder_version=&#8221;4.21.0&#8243; _module_preset=&#8221;default&#8221; global_colors_info=&#8221;{}&#8221;][et_pb_text _builder_version=&#8221;4.21.0&#8243; _module_preset=&#8221;default&#8221; global_colors_info=&#8221;{}&#8221;]<\/p>\n<p><strong>\u00a1GRACIAS!<\/strong><\/p>\n<p>\u00a0_____<\/p>\n<p>A todo el equipo del CCD<br \/>Adriana Casas<br \/>Adriana de la Puente<br \/>Alejandra Guti\u00e9rrez Campos<br \/>Alejandra Kiewek<br \/>Alex Roman<br \/>Alfredo Savalza<br \/>Aron Margolis<br \/>Aurore Leouillard<br \/>Bernardo Saenger<br \/>Black Vox<br \/>Ca\u00edn Torres<br \/>Camila Knowles<br \/>Carla Ben\u00edtez<br \/>Carla Ruiz de Ch\u00e1vez<br \/>Carlos Alberto Mart\u00ednez Cabrera<br \/>Carlos Mandujano \u00c1lvarez<br \/>Cinthya Garcia Leyva<br \/>Creaciones Inmobiliarias Exclusivas<br \/>Daniel Escotto<br \/>David Ram\u00edrez Ch\u00e1vez<br \/>Diego Guti\u00e9rrez<br \/>Diego Ruiz Sabio<br \/>Edith Puga<br \/>Edmundo Castro Vinzoneo<br \/>Emilia<br \/>Emma Blancsub\u00e9<br \/>Eva Blancsub\u00e9<br \/>Federica Renter\u00eda<br \/>Fernanda Zuloaga<br \/>Filofun<br \/>Gabriel H\u00f6rner<br \/>Gabriel Rodr\u00edguez Nava<br \/>Gabriela Palacios<br \/>Galeria Saenger<br \/>Geoturismo La Bocana<br \/>Gina Torres<br \/>Lic. Humberto Carrillo Ruvalcaba<br \/>Humberto Verdugo<br \/>Ian Velazco<br \/>Iret Vallejo Estevan<br \/>Isabel Zapata<br \/>Ivan Naranjo<br \/>Dr. Jes\u00fas Gonz\u00e1lez Gonz\u00e1lez<br \/>Jetro Centeno Lara<br \/>Jordi Funtanet<br \/>Jorge Armando Picasso Olvera<br \/>Jorge Sol\u00eds Arenazas<br \/>Juan Garc\u00eda<br \/>Lisette Ahedo Espinosa<br \/>Magdalena Zavala<br \/>Manola Aldama<br \/>Maranatha Jim\u00e9nez Gonz\u00e1lez<br \/>Ma. Ester Jaime Guti\u00e9rrez<br \/>Mariana Dellekamp<br \/>Marisel Valladolid Villela<br \/>Martha Zarain<br \/>Mauricio de la Puente<br \/>Michel Blancsub\u00e9<br \/>Mr. &amp; Monster<br \/>Nathan Velazco<br \/>Nydia Pineda de \u00c1vila<br \/>\u00d3scar Ascencio Covarrubias<br \/>Pepe Franco<br \/>Plinio \u00c1vila<br \/>Popocat\u00e9ppetl<br \/>Rafael Centeno G\u00f3mez<br \/>Ruth Garc\u00eda Salgado<br \/>Porfirio Renter\u00eda<br \/>Sofana Esteva<br \/>Sofia Pacheco Kiewek<br \/>Susana Mart\u00ednez-Ostos<br \/>Truper<br \/>Victor de la Toba Miranda<br \/>Xavier Gaona<\/p>\n<p>[\/et_pb_text][\/et_pb_column][et_pb_column type=&#8221;1_3&#8243; _builder_version=&#8221;4.21.0&#8243; _module_preset=&#8221;default&#8221; global_colors_info=&#8221;{}&#8221;][\/et_pb_column][\/et_pb_row][\/et_pb_section]<\/p>\n","protected":false},"excerpt":{"rendered":"<p>\u00a1GRACIAS! \u00a0_____ A todo el equipo del CCDAdriana CasasAdriana de la PuenteAlejandra Guti\u00e9rrez CamposAlejandra KiewekAlex RomanAlfredo SavalzaAron MargolisAurore LeouillardBernardo SaengerBlack VoxCa\u00edn TorresCamila KnowlesCarla Ben\u00edtezCarla Ruiz de Ch\u00e1vezCarlos Alberto Mart\u00ednez CabreraCarlos Mandujano \u00c1lvarezCinthya Garcia LeyvaCreaciones Inmobiliarias ExclusivasDaniel EscottoDavid Ram\u00edrez Ch\u00e1vezDiego Guti\u00e9rrezDiego Ruiz SabioEdith PugaEdmundo Castro VinzoneoEmiliaEmma Blancsub\u00e9Eva Blancsub\u00e9Federica Renter\u00edaFernanda ZuloagaFilofunGabriel H\u00f6rnerGabriel Rodr\u00edguez NavaGabriela PalaciosGaleria SaengerGeoturismo La [&hellip;]<\/p>\n","protected":false},"author":2,"featured_media":0,"parent":0,"menu_order":0,"comment_status":"closed","ping_status":"closed","template":"","meta":{"_et_pb_use_builder":"on","_et_pb_old_content":"","_et_gb_content_width":"","footnotes":""},"class_list":["post-89","page","type-page","status-publish","hentry"],"_links":{"self":[{"href":"https:\/\/5deabrilde15232.com\/index.php\/wp-json\/wp\/v2\/pages\/89","targetHints":{"allow":["GET"]}}],"collection":[{"href":"https:\/\/5deabrilde15232.com\/index.php\/wp-json\/wp\/v2\/pages"}],"about":[{"href":"https:\/\/5deabrilde15232.com\/index.php\/wp-json\/wp\/v2\/types\/page"}],"author":[{"embeddable":true,"href":"https:\/\/5deabrilde15232.com\/index.php\/wp-json\/wp\/v2\/users\/2"}],"replies":[{"embeddable":true,"href":"https:\/\/5deabrilde15232.com\/index.php\/wp-json\/wp\/v2\/comments?post=89"}],"version-history":[{"count":5,"href":"https:\/\/5deabrilde15232.com\/index.php\/wp-json\/wp\/v2\/pages\/89\/revisions"}],"predecessor-version":[{"id":421,"href":"https:\/\/5deabrilde15232.com\/index.php\/wp-json\/wp\/v2\/pages\/89\/revisions\/421"}],"wp:attachment":[{"href":"https:\/\/5deabrilde15232.com\/index.php\/wp-json\/wp\/v2\/media?parent=89"}],"curies":[{"name":"wp","href":"https:\/\/api.w.org\/{rel}","templated":true}]}}

<p>[et_pb_section fb_built=&#8221;1&#8243; _builder_version=&#8221;4.21.0&#8243; _module_preset=&#8221;default&#8221; background_color=&#8221;gcid-95532fe2-b533-45be-a1fd-121a4e99dc88&#8243; global_colors_info=&#8221;{%22gcid-95532fe2-b533-45be-a1fd-121a4e99dc88%22:%91%22background_color%22%93}&#8221;][et_pb_row column_structure=&#8221;1_3,1_3,1_3&#8243; _builder_version=&#8221;4.21.0&#8243; _module_preset=&#8221;default&#8221; global_colors_info=&#8221;{}&#8221;][et_pb_column type=&#8221;1_3&#8243; _builder_version=&#8221;4.21.0&#8243; _module_preset=&#8221;default&#8221; global_colors_info=&#8221;{}&#8221;][/et_pb_column][et_pb_column type=&#8221;1_3&#8243; _builder_version=&#8221;4.21.0&#8243; _module_preset=&#8221;default&#8221; global_colors_info=&#8221;{}&#8221;][et_pb_text _builder_version=&#8221;4.21.0&#8243; _module_preset=&#8221;default&#8221; global_colors_info=&#8221;{}&#8221;]</p>
<p><strong>¡GRACIAS!</strong></p>
<p> _____</p>
<p>A todo el equipo del CCD<br />Adriana Casas<br />Adriana de la Puente<br />Alejandra Gutiérrez Campos<br />Alejandra Kiewek<br />Alex Roman<br />Alfredo Savalza<br />Aron Margolis<br />Aurore Leouillard<br />Bernardo Saenger<br />Black Vox<br />Caín Torres<br />Camila Knowles<br />Carla Benítez<br />Carla Ruiz de Chávez<br />Carlos Alberto Martínez Cabrera<br />Carlos Mandujano Álvarez<br />Cinthya Garcia Leyva<br />Creaciones Inmobiliarias Exclusivas<br />Daniel Escotto<br />David Ramírez Chávez<br />Diego Gutiérrez<br />Diego Ruiz Sabio<br />Edith Puga<br />Edmundo Castro Vinzoneo<br />Emilia<br />Emma Blancsubé<br />Eva Blancsubé<br />Federica Rentería<br />Fernanda Zuloaga<br />Filofun<br />Gabriel Hörner<br />Gabriel Rodríguez Nava<br />Gabriela Palacios<br />Galeria Saenger<br />Geoturismo La Bocana<br />Gina Torres<br />Lic. Humberto Carrillo Ruvalcaba<br />Humberto Verdugo<br />Ian Velazco<br />Iret Vallejo Estevan<br />Isabel Zapata<br />Ivan Naranjo<br />Dr. Jesús González González<br />Jetro Centeno Lara<br />Jordi Funtanet<br />Jorge Armando Picasso Olvera<br />Jorge Solís Arenazas<br />Juan García<br />Lisette Ahedo Espinosa<br />Magdalena Zavala<br />Manola Aldama<br />Maranatha Jiménez González<br />Ma. Ester Jaime Gutiérrez<br />Mariana Dellekamp<br />Marisel Valladolid Villela<br />Martha Zarain<br />Mauricio de la Puente<br />Michel Blancsubé<br />Mr. &amp; Monster<br />Nathan Velazco<br />Nydia Pineda de Ávila<br />Óscar Ascencio Covarrubias<br />Pepe Franco<br />Plinio Ávila<br />Popocatéppetl<br />Rafael Centeno Gómez<br />Ruth García Salgado<br />Porfirio Rentería<br />Sofana Esteva<br />Sofia Pacheco Kiewek<br />Susana Martínez-Ostos<br />Truper<br />Victor de la Toba Miranda<br />Xavier Gaona</p>
<p>[/et_pb_text][/et_pb_column][et_pb_column type=&#8221;1_3&#8243; _builder_version=&#8221;4.21.0&#8243; _module_preset=&#8221;default&#8221; global_colors_info=&#8221;{}&#8221;][/et_pb_column][/et_pb_row][/et_pb_section]</p>

<p>¡GRACIAS!  _____ A todo el equipo del CCDAdriana CasasAdriana de la PuenteAlejandra Gutiérrez CamposAlejandra KiewekAlex RomanAlfredo SavalzaAron MargolisAurore LeouillardBernardo SaengerBlack VoxCaín TorresCamila KnowlesCarla BenítezCarla Ruiz de ChávezCarlos Alberto Martínez CabreraCarlos Mandujano ÁlvarezCinthya Garcia LeyvaCreaciones Inmobiliarias ExclusivasDaniel EscottoDavid Ramírez ChávezDiego GutiérrezDiego Ruiz SabioEdith PugaEdmundo Castro VinzoneoEmiliaEmma BlancsubéEva BlancsubéFederica RenteríaFernanda ZuloagaFilofunGabriel HörnerGabriel Rodríguez NavaGabriela PalaciosGaleria SaengerGeoturismo La [&hellip;]</p>
