{"id":347,"date":"2023-06-16T18:49:18","date_gmt":"2023-06-16T18:49:18","guid":{"rendered":"https:\/\/5deabrilde15232.com\/?page_id=347"},"modified":"2023-06-16T19:09:50","modified_gmt":"2023-06-16T19:09:50","slug":"conciertos_ccd","status":"publish","type":"page","link":"https:\/\/5deabrilde15232.com\/index.php\/conciertos_ccd\/","title":{"rendered":"conciertos_ccd"},"content":{"rendered":"<p>[et_pb_section fb_built=&#8221;1&#8243; _builder_version=&#8221;4.21.0&#8243; _module_preset=&#8221;default&#8221; background_color=&#8221;gcid-d06a74c0-103f-41bd-b263-26f07fa3acc5&#8243; custom_padding=&#8221;7px||4px|||&#8221; global_colors_info=&#8221;{%22gcid-d06a74c0-103f-41bd-b263-26f07fa3acc5%22:%91%22background_color%22%93}&#8221;][et_pb_row _builder_version=&#8221;4.21.0&#8243; _module_preset=&#8221;default&#8221; global_colors_info=&#8221;{}&#8221;][et_pb_column type=&#8221;4_4&#8243; _builder_version=&#8221;4.21.0&#8243; _module_preset=&#8221;default&#8221; global_colors_info=&#8221;{}&#8221;][et_pb_text _builder_version=&#8221;4.21.0&#8243; _module_preset=&#8221;default&#8221; header_2_text_align=&#8221;center&#8221; header_2_text_color=&#8221;gcid-450e7035-fed4-479c-a2c4-dafe32bb1d01&#8243; header_3_text_color=&#8221;gcid-8b327c80-42ce-4469-b0d0-cd77681e6755&#8243; global_colors_info=&#8221;{%22gcid-8b327c80-42ce-4469-b0d0-cd77681e6755%22:%91%22header_3_text_color%22%93,%22gcid-450e7035-fed4-479c-a2c4-dafe32bb1d01%22:%91%22header_2_text_color%22%93}&#8221;]<\/p>\n<h2><span>Programa P\u00fablico<\/span><\/h2>\n<p>[\/et_pb_text][\/et_pb_column][\/et_pb_row][\/et_pb_section][et_pb_section fb_built=&#8221;1&#8243; _builder_version=&#8221;4.21.0&#8243; _module_preset=&#8221;default&#8221; background_color=&#8221;gcid-95532fe2-b533-45be-a1fd-121a4e99dc88&#8243; global_colors_info=&#8221;{%22gcid-95532fe2-b533-45be-a1fd-121a4e99dc88%22:%91%22background_color%22%93}&#8221;][et_pb_row column_structure=&#8221;1_3,1_3,1_3&#8243; _builder_version=&#8221;4.21.0&#8243; _module_preset=&#8221;default&#8221; max_width=&#8221;2560px&#8221; module_alignment=&#8221;center&#8221; custom_padding=&#8221;|80px||80px|false|false&#8221; global_colors_info=&#8221;{}&#8221;][et_pb_column type=&#8221;1_3&#8243; _builder_version=&#8221;4.21.0&#8243; _module_preset=&#8221;default&#8221; global_colors_info=&#8221;{}&#8221;][difl_justifiedgallery gallery=&#8221;298,297&#8243; rowheight=&#8221;165&#8243; space_between=&#8221;2&#8243; use_lightbox=&#8221;on&#8221; _builder_version=&#8221;4.21.0&#8243; _module_preset=&#8221;default&#8221; global_colors_info=&#8221;{}&#8221;][\/difl_justifiedgallery][\/et_pb_column][et_pb_column type=&#8221;1_3&#8243; _builder_version=&#8221;4.21.0&#8243; _module_preset=&#8221;default&#8221; global_colors_info=&#8221;{}&#8221;][et_pb_text _builder_version=&#8221;4.21.0&#8243; _module_preset=&#8221;default&#8221; header_2_font=&#8221;Crimson Pro||on||||||&#8221; hover_enabled=&#8221;0&#8243; global_colors_info=&#8221;{}&#8221; sticky_enabled=&#8221;0&#8243; custom_margin=&#8221;||24px|||&#8221;]<\/p>\n<h2 class=\"p1\">Pareidolia<\/h2>\n<p class=\"p1\">Concierto para tres instrumentistas, Diego Vel\u00e1zquez (trompeta), Xavier Frausto (tromb\u00f3n), Misha Marks (sousaf\u00f3n); donde los int\u00e9rpretes leen la partitura en los peraltes de las escalinatas del CCD, interactuando con el espacio.<\/p>\n<p class=\"p1\">Los dos conciertos parten de la misma partitura pero tienen distintos resultados al interactuar con el espacio.<\/p>\n<p class=\"p1\">___<\/p>\n<p>[\/et_pb_text][et_pb_text _builder_version=&#8221;4.21.0&#8243; _module_preset=&#8221;default&#8221; text_font_size=&#8221;11px&#8221; hover_enabled=&#8221;0&#8243; sticky_enabled=&#8221;0&#8243;]<\/p>\n<p class=\"p1\"><span style=\"text-decoration: underline;\"><strong>Diego R. Vel\u00e1squez P.\uff5c Trompetista<\/strong><\/span><\/p>\n<p class=\"p2\">Nace en Caracas, Venezuela en el a\u00f1o 1989, comienza sus estudios musicales a temprana edad dentro de El Sistema Nacional de Orquestas y Coros Juveniles e Infantiles de Venezuela dirigido por el Mtro. Jos\u00e9 Antonio Abreu, fue miembro desde sus inicios hasta el final de la Orquesta Sinf\u00f3nica Juvenil Teresa Carre\u00f1o de Venezuela la cual tuvo directores invitado de renombre como Sir Simon Rattle, Claudio Abbado, Krzysztof Penderecki, Sung Kwak y maestros venezolanos como Gustavo Dudamel, Diego Matheuz, Rafael Payare y Christian Vasquez. La orquesta acompa\u00f1\u00f3 adem\u00e1s a maestros de alto status como Itzhak Perlman, Yo-Yo Ma, y el cantante Placido Domingo, y se present\u00f3 en Salas de alto prestigio por toda Europa y Asia. En el Primer Concurso Latinoamericano de Trompeta ERIC AUBIER llega a la final en la categor\u00eda Master celebrado en Colombia en el a\u00f1o 2014 y luego en el a\u00f1o 2017 fue el ganador del Primer Lugar del Concurso dentro del Festival Rafael M\u00e9ndez 2017 en Michoac\u00e1n, M\u00e9xico, tambi\u00e9n en diciembre del 2019 se consagra como el ganador absoluto en la secci\u00f3n profesional y de trompeta de la 5ta edici\u00f3n del prestigioso MERIDA INTERNATIONAL BRASS FESTIVAL. Actualmente radica en la Ciudad de M\u00e9xico como residente art\u00edstico del Centro de Experimentaci\u00f3n y Producci\u00f3n de M\u00fasica Contempor\u00e1nea (CEPROMUSIC)<\/p>\n<p class=\"p1\"><span style=\"text-decoration: underline;\"><strong>Xavier Frausto\uff5c Tromb\u00f3n<\/strong><\/span><\/p>\n<p class=\"p2\">Improvisador y trombonista mexicano. Realiz\u00f3 estudios de maestr\u00eda en interpretaci\u00f3n en la Hochschule fu\u0308r Musik de Basilea en Suiza, estudi\u00f3 tromb\u00f3n en el Conservatorio de Estrasburgo y musicolog\u00eda en la Universidad de Estrasburgo Francia. Explora el instrumento tanto meticulosa como negligentemente, desde puntos de vista tradicionales hasta las t\u00e9cnicas contempor\u00e1neas y nuevas t\u00e9cnicas desarrolladas por \u00e9l mismo, prestando atenci\u00f3n a cada sonido, ruido o fen\u00f3meno ac\u00fastico que puedan ser explotados en un contexto musical. Actualmente es trombonista solo residente del ensamble del CEPROMUSIC en la Ciudad de M\u00e9xico.<\/p>\n<p class=\"p1\"><span style=\"text-decoration: underline;\"><strong>Misha Marks\uff5c Sousaf\u00f3n<\/strong><\/span><\/p>\n<p class=\"p2\">Misha Marks (NZ, 1983) Naci\u00f3 en Wellington y creci\u00f3 cerca del pueblo granjero de Karamea, en la Isla Sur de Nueva Zelanda. Empez\u00f3 a tocar guitarra a los seis a\u00f1os de forma autodidacta, despu\u00e9s estudi\u00f3 jazz y guitarra cl\u00e1sica en el Conservatorio de M\u00fasica Massey en Wellington por dos a\u00f1os antes de abandonar los estudios acad\u00e9micos. Afuera de los muros de la escuela se involucr\u00f3 en la escena de m\u00fasica creativa de Wellington basada en el foro de m\u00fasica intr\u00e9pida Happy, donde tocaba frecuentemente con improvisadores locales y visitantes, trabajaba en la barra y hac\u00eda la limpieza. Despu\u00e9s de una temporada en Europa, se traslad\u00f3 a la Ciudad de M\u00e9xico, con la intenci\u00f3n de quedarse unos seis meses, que ya se han transformado en diez a\u00f1os. Toca guitarra, corno bar\u00edtono y latarra (una guitarra el\u00e9ctrica construida a partir de un botiqu\u00edn de primeros auxilios) tanto de forma tradicional como experimental y es activo en diversas escenas en la Ciudad de M\u00e9xico en proyectos como Generaci\u00f3n Espont\u00e1nea, Carlos Marks, Arto Ensamble, Teoqualo, L\u00e1grimas del C\u00edclope Llor\u00f3n, Trio Corazonantes (con la cantante colombiana Luc\u00eda Pulido) H\u00e9roes del Destierro y ocasionalmente con bandas de viento de la Sierra Norte de Oaxaca. Se ha presentado en festivales como High Zero (Baltimore) No Idea Festival (Austin TX) Cha&#8217;ak&#8217;ab Paaxil, (M\u00e9rida, MX) Glatt &amp; Verkehrt (Krems, Austria) Music Matters Festival (Colombo, Sri Lanka) Finse Jazz (Noruega) Mexico Now (Nueva York) Wellington Jazz Festival (NZ) Visiones Sonoras (Morelia, MX) y junto con c\u00f3mplice m\u00fasical Carlos Alegre organiza la serie de m\u00fasica experimental Derrepente Enderredor, en la Ciudad de M\u00e9xico.<\/p>\n<p>[\/et_pb_text][\/et_pb_column][et_pb_column type=&#8221;1_3&#8243; _builder_version=&#8221;4.21.0&#8243; _module_preset=&#8221;default&#8221; global_colors_info=&#8221;{}&#8221;][et_pb_text _builder_version=&#8221;4.21.0&#8243; _module_preset=&#8221;default&#8221; text_line_height=&#8221;1em&#8221; global_colors_info=&#8221;{}&#8221;]<\/p>\n<p><strong>CONCIERTOS<\/strong><\/p>\n<p><strong><\/strong><\/p>\n<p>1 de julio 16:00 h<\/p>\n<p>20 de agosto 11:00 h<\/p>\n<p>[\/et_pb_text][\/et_pb_column][\/et_pb_row][\/et_pb_section]<\/p>\n","protected":false},"excerpt":{"rendered":"<p>Programa P\u00fablico<div class=\"et_pb_with_border et_pb_module difl_justifiedgallery difl_justifiedgallery_0\">\n\t\t\t\t\n\t\t\t\t\n\t\t\t\t\n\t\t\t\t\n\t\t\t\t\n\t\t\t\t\n\t\t\t\t<div class=\"et_pb_module_inner\">\n\t\t\t\t\t<div class=\"df_jsg_container ig_has_lightbox\" data-settings='{\"gallery\":\"298,297\",\"rowHeight\":\"165\",\"margin\":\"2\",\"show_caption\":\"off\",\"show_description\":\"off\",\"load_more\":\"off\",\"image_count\":\"4\",\"ini_count\":\"8\",\"show_content_lg\":\"off\",\"use_lightbox\":\"on\",\"use_lightbox_download\":\"off\",\"content_reveal_caption\":\"c4-fade-up\",\"content_reveal_description\":\"c4-fade-up\",\"content_position\":\"c4-layout-top-left\",\"image_scale\":\"no-image-scale\",\"overlay\":\"off\",\"image_size\":\"medium\",\"caption_tag\":\"h4\",\"description_tag\":\"p\",\"border_anim\":\"off\",\"border_anm_style\":\"c4-border-fade\",\"use_url\":\"off\",\"url_target\":\"same_window\"}'>\r\n                <div class=\"justified-gallery\"><figure class=\"c4-izmir df_jsg_image no-image-scale  has_overlay  image_loading\" data-src=\"https:\/\/5deabrilde15232.com\/wp-content\/uploads\/2023\/06\/concierto_02-03.jpg\"  >\r\n                    \r\n                    \r\n                    <img loading=\"lazy\" decoding=\"async\" class=\"jsg-image\" src=\"https:\/\/5deabrilde15232.com\/wp-content\/uploads\/2023\/06\/concierto_02-03-300x273.jpg\" alt=\"\" class=\"\" width=\"300\" height=\"273\"\/>\r\n                    <figcaption class=\"df_jsg_content c4-layout-top-left\">\r\n                        \r\n                    <\/figcaption>\r\n                <\/figure><figure class=\"c4-izmir df_jsg_image no-image-scale  has_overlay  image_loading\" data-src=\"https:\/\/5deabrilde15232.com\/wp-content\/uploads\/2023\/06\/concierto_01-03.jpg\"  >\r\n                    \r\n                    \r\n                    <img loading=\"lazy\" decoding=\"async\" class=\"jsg-image\" src=\"https:\/\/5deabrilde15232.com\/wp-content\/uploads\/2023\/06\/concierto_01-03-300x273.jpg\" alt=\"\" class=\"\" width=\"300\" height=\"273\"\/>\r\n                    <figcaption class=\"df_jsg_content c4-layout-top-left\">\r\n                        \r\n                    <\/figcaption>\r\n                <\/figure><\/div>\r\n                \r\n            <\/div>\n\t\t\t\t<\/div>\n\t\t\t<\/div>Pareidolia Concierto para tres instrumentistas, Diego Vel\u00e1zquez (trompeta), Xavier Frausto (tromb\u00f3n), Misha Marks (sousaf\u00f3n); donde los int\u00e9rpretes leen la partitura en los peraltes de las escalinatas del CCD, interactuando con el espacio. Los dos conciertos parten de la misma partitura pero tienen distintos resultados al interactuar con [&hellip;]<\/p>\n","protected":false},"author":2,"featured_media":0,"parent":0,"menu_order":0,"comment_status":"closed","ping_status":"closed","template":"","meta":{"_et_pb_use_builder":"on","_et_pb_old_content":"","_et_gb_content_width":"","footnotes":""},"class_list":["post-347","page","type-page","status-publish","hentry"],"_links":{"self":[{"href":"https:\/\/5deabrilde15232.com\/index.php\/wp-json\/wp\/v2\/pages\/347","targetHints":{"allow":["GET"]}}],"collection":[{"href":"https:\/\/5deabrilde15232.com\/index.php\/wp-json\/wp\/v2\/pages"}],"about":[{"href":"https:\/\/5deabrilde15232.com\/index.php\/wp-json\/wp\/v2\/types\/page"}],"author":[{"embeddable":true,"href":"https:\/\/5deabrilde15232.com\/index.php\/wp-json\/wp\/v2\/users\/2"}],"replies":[{"embeddable":true,"href":"https:\/\/5deabrilde15232.com\/index.php\/wp-json\/wp\/v2\/comments?post=347"}],"version-history":[{"count":3,"href":"https:\/\/5deabrilde15232.com\/index.php\/wp-json\/wp\/v2\/pages\/347\/revisions"}],"predecessor-version":[{"id":360,"href":"https:\/\/5deabrilde15232.com\/index.php\/wp-json\/wp\/v2\/pages\/347\/revisions\/360"}],"wp:attachment":[{"href":"https:\/\/5deabrilde15232.com\/index.php\/wp-json\/wp\/v2\/media?parent=347"}],"curies":[{"name":"wp","href":"https:\/\/api.w.org\/{rel}","templated":true}]}}

<p>[et_pb_section fb_built=&#8221;1&#8243; _builder_version=&#8221;4.21.0&#8243; _module_preset=&#8221;default&#8221; background_color=&#8221;gcid-d06a74c0-103f-41bd-b263-26f07fa3acc5&#8243; custom_padding=&#8221;7px||4px|||&#8221; global_colors_info=&#8221;{%22gcid-d06a74c0-103f-41bd-b263-26f07fa3acc5%22:%91%22background_color%22%93}&#8221;][et_pb_row _builder_version=&#8221;4.21.0&#8243; _module_preset=&#8221;default&#8221; global_colors_info=&#8221;{}&#8221;][et_pb_column type=&#8221;4_4&#8243; _builder_version=&#8221;4.21.0&#8243; _module_preset=&#8221;default&#8221; global_colors_info=&#8221;{}&#8221;][et_pb_text _builder_version=&#8221;4.21.0&#8243; _module_preset=&#8221;default&#8221; header_2_text_align=&#8221;center&#8221; header_2_text_color=&#8221;gcid-450e7035-fed4-479c-a2c4-dafe32bb1d01&#8243; header_3_text_color=&#8221;gcid-8b327c80-42ce-4469-b0d0-cd77681e6755&#8243; global_colors_info=&#8221;{%22gcid-8b327c80-42ce-4469-b0d0-cd77681e6755%22:%91%22header_3_text_color%22%93,%22gcid-450e7035-fed4-479c-a2c4-dafe32bb1d01%22:%91%22header_2_text_color%22%93}&#8221;]</p>
<h2><span>Programa Público</span></h2>
<p>[/et_pb_text][/et_pb_column][/et_pb_row][/et_pb_section][et_pb_section fb_built=&#8221;1&#8243; _builder_version=&#8221;4.21.0&#8243; _module_preset=&#8221;default&#8221; background_color=&#8221;gcid-95532fe2-b533-45be-a1fd-121a4e99dc88&#8243; global_colors_info=&#8221;{%22gcid-95532fe2-b533-45be-a1fd-121a4e99dc88%22:%91%22background_color%22%93}&#8221;][et_pb_row column_structure=&#8221;1_3,1_3,1_3&#8243; _builder_version=&#8221;4.21.0&#8243; _module_preset=&#8221;default&#8221; max_width=&#8221;2560px&#8221; module_alignment=&#8221;center&#8221; custom_padding=&#8221;|80px||80px|false|false&#8221; global_colors_info=&#8221;{}&#8221;][et_pb_column type=&#8221;1_3&#8243; _builder_version=&#8221;4.21.0&#8243; _module_preset=&#8221;default&#8221; global_colors_info=&#8221;{}&#8221;][difl_justifiedgallery gallery=&#8221;298,297&#8243; rowheight=&#8221;165&#8243; space_between=&#8221;2&#8243; use_lightbox=&#8221;on&#8221; _builder_version=&#8221;4.21.0&#8243; _module_preset=&#8221;default&#8221; global_colors_info=&#8221;{}&#8221;][/difl_justifiedgallery][/et_pb_column][et_pb_column type=&#8221;1_3&#8243; _builder_version=&#8221;4.21.0&#8243; _module_preset=&#8221;default&#8221; global_colors_info=&#8221;{}&#8221;][et_pb_text _builder_version=&#8221;4.21.0&#8243; _module_preset=&#8221;default&#8221; header_2_font=&#8221;Crimson Pro||on||||||&#8221; hover_enabled=&#8221;0&#8243; global_colors_info=&#8221;{}&#8221; sticky_enabled=&#8221;0&#8243; custom_margin=&#8221;||24px|||&#8221;]</p>
<h2 class="p1">Pareidolia</h2>
<p class="p1">Concierto para tres instrumentistas, Diego Velázquez (trompeta), Xavier Frausto (trombón), Misha Marks (sousafón); donde los intérpretes leen la partitura en los peraltes de las escalinatas del CCD, interactuando con el espacio.</p>
<p class="p1">Los dos conciertos parten de la misma partitura pero tienen distintos resultados al interactuar con el espacio.</p>
<p class="p1">___</p>
<p>[/et_pb_text][et_pb_text _builder_version=&#8221;4.21.0&#8243; _module_preset=&#8221;default&#8221; text_font_size=&#8221;11px&#8221; hover_enabled=&#8221;0&#8243; sticky_enabled=&#8221;0&#8243;]</p>
<p class="p1"><span style="text-decoration: underline;"><strong>Diego R. Velásquez P.｜ Trompetista</strong></span></p>
<p class="p2">Nace en Caracas, Venezuela en el año 1989, comienza sus estudios musicales a temprana edad dentro de El Sistema Nacional de Orquestas y Coros Juveniles e Infantiles de Venezuela dirigido por el Mtro. José Antonio Abreu, fue miembro desde sus inicios hasta el final de la Orquesta Sinfónica Juvenil Teresa Carreño de Venezuela la cual tuvo directores invitado de renombre como Sir Simon Rattle, Claudio Abbado, Krzysztof Penderecki, Sung Kwak y maestros venezolanos como Gustavo Dudamel, Diego Matheuz, Rafael Payare y Christian Vasquez. La orquesta acompañó además a maestros de alto status como Itzhak Perlman, Yo-Yo Ma, y el cantante Placido Domingo, y se presentó en Salas de alto prestigio por toda Europa y Asia. En el Primer Concurso Latinoamericano de Trompeta ERIC AUBIER llega a la final en la categoría Master celebrado en Colombia en el año 2014 y luego en el año 2017 fue el ganador del Primer Lugar del Concurso dentro del Festival Rafael Méndez 2017 en Michoacán, México, también en diciembre del 2019 se consagra como el ganador absoluto en la sección profesional y de trompeta de la 5ta edición del prestigioso MERIDA INTERNATIONAL BRASS FESTIVAL. Actualmente radica en la Ciudad de México como residente artístico del Centro de Experimentación y Producción de Música Contemporánea (CEPROMUSIC)</p>
<p class="p1"><span style="text-decoration: underline;"><strong>Xavier Frausto｜ Trombón</strong></span></p>
<p class="p2">Improvisador y trombonista mexicano. Realizó estudios de maestría en interpretación en la Hochschule für Musik de Basilea en Suiza, estudió trombón en el Conservatorio de Estrasburgo y musicología en la Universidad de Estrasburgo Francia. Explora el instrumento tanto meticulosa como negligentemente, desde puntos de vista tradicionales hasta las técnicas contemporáneas y nuevas técnicas desarrolladas por él mismo, prestando atención a cada sonido, ruido o fenómeno acústico que puedan ser explotados en un contexto musical. Actualmente es trombonista solo residente del ensamble del CEPROMUSIC en la Ciudad de México.</p>
<p class="p1"><span style="text-decoration: underline;"><strong>Misha Marks｜ Sousafón</strong></span></p>
<p class="p2">Misha Marks (NZ, 1983) Nació en Wellington y creció cerca del pueblo granjero de Karamea, en la Isla Sur de Nueva Zelanda. Empezó a tocar guitarra a los seis años de forma autodidacta, después estudió jazz y guitarra clásica en el Conservatorio de Música Massey en Wellington por dos años antes de abandonar los estudios académicos. Afuera de los muros de la escuela se involucró en la escena de música creativa de Wellington basada en el foro de música intrépida Happy, donde tocaba frecuentemente con improvisadores locales y visitantes, trabajaba en la barra y hacía la limpieza. Después de una temporada en Europa, se trasladó a la Ciudad de México, con la intención de quedarse unos seis meses, que ya se han transformado en diez años. Toca guitarra, corno barítono y latarra (una guitarra eléctrica construida a partir de un botiquín de primeros auxilios) tanto de forma tradicional como experimental y es activo en diversas escenas en la Ciudad de México en proyectos como Generación Espontánea, Carlos Marks, Arto Ensamble, Teoqualo, Lágrimas del Cíclope Llorón, Trio Corazonantes (con la cantante colombiana Lucía Pulido) Héroes del Destierro y ocasionalmente con bandas de viento de la Sierra Norte de Oaxaca. Se ha presentado en festivales como High Zero (Baltimore) No Idea Festival (Austin TX) Cha&#8217;ak&#8217;ab Paaxil, (Mérida, MX) Glatt &amp; Verkehrt (Krems, Austria) Music Matters Festival (Colombo, Sri Lanka) Finse Jazz (Noruega) Mexico Now (Nueva York) Wellington Jazz Festival (NZ) Visiones Sonoras (Morelia, MX) y junto con cómplice músical Carlos Alegre organiza la serie de música experimental Derrepente Enderredor, en la Ciudad de México.</p>
<p>[/et_pb_text][/et_pb_column][et_pb_column type=&#8221;1_3&#8243; _builder_version=&#8221;4.21.0&#8243; _module_preset=&#8221;default&#8221; global_colors_info=&#8221;{}&#8221;][et_pb_text _builder_version=&#8221;4.21.0&#8243; _module_preset=&#8221;default&#8221; text_line_height=&#8221;1em&#8221; global_colors_info=&#8221;{}&#8221;]</p>
<p><strong>CONCIERTOS</strong></p>
<p><strong></strong></p>
<p>1 de julio 16:00 h</p>
<p>20 de agosto 11:00 h</p>
<p>[/et_pb_text][/et_pb_column][/et_pb_row][/et_pb_section]</p>

<p>Programa Público<div class="et_pb_with_border et_pb_module difl_justifiedgallery difl_justifiedgallery_0">
				
				
				
				
				
				
				<div class="et_pb_module_inner">
					<div class="df_jsg_container ig_has_lightbox" data-settings='{"gallery":"298,297","rowHeight":"165","margin":"2","show_caption":"off","show_description":"off","load_more":"off","image_count":"4","ini_count":"8","show_content_lg":"off","use_lightbox":"on","use_lightbox_download":"off","content_reveal_caption":"c4-fade-up","content_reveal_description":"c4-fade-up","content_position":"c4-layout-top-left","image_scale":"no-image-scale","overlay":"off","image_size":"medium","caption_tag":"h4","description_tag":"p","border_anim":"off","border_anm_style":"c4-border-fade","use_url":"off","url_target":"same_window"}'>
                <div class="justified-gallery"><figure class="c4-izmir df_jsg_image no-image-scale  has_overlay  image_loading" data-src="https://5deabrilde15232.com/wp-content/uploads/2023/06/concierto_02-03.jpg"  >
                    
                    
                    <img loading="lazy" decoding="async" class="jsg-image" src="https://5deabrilde15232.com/wp-content/uploads/2023/06/concierto_02-03-300x273.jpg" alt="" class="" width="300" height="273"/>
                    <figcaption class="df_jsg_content c4-layout-top-left">
                        
                    </figcaption>
                </figure><figure class="c4-izmir df_jsg_image no-image-scale  has_overlay  image_loading" data-src="https://5deabrilde15232.com/wp-content/uploads/2023/06/concierto_01-03.jpg"  >
                    
                    
                    <img loading="lazy" decoding="async" class="jsg-image" src="https://5deabrilde15232.com/wp-content/uploads/2023/06/concierto_01-03-300x273.jpg" alt="" class="" width="300" height="273"/>
                    <figcaption class="df_jsg_content c4-layout-top-left">
                        
                    </figcaption>
                </figure></div>
                
            </div>
				</div>
			</div>Pareidolia Concierto para tres instrumentistas, Diego Velázquez (trompeta), Xavier Frausto (trombón), Misha Marks (sousafón); donde los intérpretes leen la partitura en los peraltes de las escalinatas del CCD, interactuando con el espacio. Los dos conciertos parten de la misma partitura pero tienen distintos resultados al interactuar con [&hellip;]</p>
