{"id":279,"date":"2023-06-14T23:05:01","date_gmt":"2023-06-14T23:05:01","guid":{"rendered":"https:\/\/5deabrilde15232.com\/?page_id=279"},"modified":"2023-06-14T23:05:01","modified_gmt":"2023-06-14T23:05:01","slug":"mascercadenada","status":"publish","type":"page","link":"https:\/\/5deabrilde15232.com\/index.php\/mascercadenada\/","title":{"rendered":"mascercadenada"},"content":{"rendered":"<p>[et_pb_section fb_built=&#8221;1&#8243; theme_builder_area=&#8221;post_content&#8221; _builder_version=&#8221;4.21.0&#8243; _module_preset=&#8221;default&#8221; global_colors_info=&#8221;{%22gcid-d06a74c0-103f-41bd-b263-26f07fa3acc5%22:%91%22background_color%22%93}&#8221; background_color=&#8221;gcid-d06a74c0-103f-41bd-b263-26f07fa3acc5&#8243; hover_enabled=&#8221;0&#8243; sticky_enabled=&#8221;0&#8243; custom_padding=&#8221;7px||4px|||&#8221;][et_pb_row _builder_version=&#8221;4.21.0&#8243; _module_preset=&#8221;default&#8221; theme_builder_area=&#8221;post_content&#8221;][et_pb_column _builder_version=&#8221;4.21.0&#8243; _module_preset=&#8221;default&#8221; type=&#8221;4_4&#8243; theme_builder_area=&#8221;post_content&#8221;][et_pb_text _builder_version=&#8221;4.21.0&#8243; _module_preset=&#8221;default&#8221; theme_builder_area=&#8221;post_content&#8221; global_colors_info=&#8221;{%22gcid-8b327c80-42ce-4469-b0d0-cd77681e6755%22:%91%22header_3_text_color%22%93,%22gcid-450e7035-fed4-479c-a2c4-dafe32bb1d01%22:%91%22header_2_text_color%22%93}&#8221; header_3_text_color=&#8221;gcid-8b327c80-42ce-4469-b0d0-cd77681e6755&#8243; header_2_text_color=&#8221;gcid-450e7035-fed4-479c-a2c4-dafe32bb1d01&#8243; hover_enabled=&#8221;0&#8243; sticky_enabled=&#8221;0&#8243; header_2_text_align=&#8221;center&#8221;]<\/p>\n<h2><span>Programa P\u00fablico<\/span><\/h2>\n<p>[\/et_pb_text][\/et_pb_column][\/et_pb_row][\/et_pb_section][et_pb_section fb_built=&#8221;1&#8243; theme_builder_area=&#8221;post_content&#8221; _builder_version=&#8221;4.21.0&#8243; _module_preset=&#8221;default&#8221; global_colors_info=&#8221;{%22gcid-95532fe2-b533-45be-a1fd-121a4e99dc88%22:%91%22background_color%22%93}&#8221; background_color=&#8221;gcid-95532fe2-b533-45be-a1fd-121a4e99dc88&#8243; hover_enabled=&#8221;0&#8243; sticky_enabled=&#8221;0&#8243;][et_pb_row _builder_version=&#8221;4.21.0&#8243; _module_preset=&#8221;default&#8221; theme_builder_area=&#8221;post_content&#8221; column_structure=&#8221;1_3,1_3,1_3&#8243; max_width=&#8221;2560px&#8221; module_alignment=&#8221;center&#8221; custom_padding=&#8221;|80px||80px|false|false&#8221; hover_enabled=&#8221;0&#8243; sticky_enabled=&#8221;0&#8243;][et_pb_column _builder_version=&#8221;4.21.0&#8243; _module_preset=&#8221;default&#8221; type=&#8221;1_3&#8243; theme_builder_area=&#8221;post_content&#8221;][et_pb_image src=&#8221;http:\/\/5deabrilde15232.com\/wp-content\/uploads\/2023\/06\/imgs_marca_5abril15232145.jpg&#8221; _builder_version=&#8221;4.21.0&#8243; _module_preset=&#8221;default&#8221; theme_builder_area=&#8221;post_content&#8221; max_width=&#8221;50%&#8221; hover_enabled=&#8221;0&#8243; sticky_enabled=&#8221;0&#8243;][\/et_pb_image][\/et_pb_column][et_pb_column _builder_version=&#8221;4.21.0&#8243; _module_preset=&#8221;default&#8221; type=&#8221;1_3&#8243; theme_builder_area=&#8221;post_content&#8221;][et_pb_text _builder_version=&#8221;4.21.0&#8243; _module_preset=&#8221;default&#8221; theme_builder_area=&#8221;post_content&#8221; hover_enabled=&#8221;0&#8243; sticky_enabled=&#8221;0&#8243;]<\/p>\n<p><strong><em>-m\u00e1s cerca de nada-<\/em>,<span>\u00a0<\/span><\/strong>2023<\/p>\n<p>Ale de la Puente \/ Emilio Hinojosa Carri\u00f3n<br \/>Video HD Audio 2.1 Est\u00e9reo \u2013 Duraci\u00f3n: 16\u201905<\/p>\n<p>Edici\u00f3n video:\u00a0 Ale de la Puente<br \/>Int\u00e9rpretes: Carla Ben\u00edtez (viol\u00edn, viola), Diego Guti\u00e9rrez (violonchelo) y Juan Garc\u00eda (contrabajo)<br \/>Composici\u00f3n, producci\u00f3n, edici\u00f3n y mezcla: Emilio Hinojosa Carri\u00f3n<br \/>Grabaci\u00f3n y masterizaci\u00f3n: Jorge Sol\u00eds Arenazas.<\/p>\n<p>Una pieza audiovisual compuesta entre trazos, cielos, rocas y cuerdas frotadas. Im\u00e1genes de cuatro sitios de pinturas rupestres de Baja California visitados en mayo de 2022.<\/p>\n<p>[\/et_pb_text][\/et_pb_column][et_pb_column _builder_version=&#8221;4.21.0&#8243; _module_preset=&#8221;default&#8221; type=&#8221;1_3&#8243; theme_builder_area=&#8221;post_content&#8221;][et_pb_text _builder_version=&#8221;4.21.0&#8243; _module_preset=&#8221;default&#8221; theme_builder_area=&#8221;post_content&#8221; text_line_height=&#8221;1em&#8221; hover_enabled=&#8221;0&#8243; sticky_enabled=&#8221;0&#8243;]<\/p>\n<p><strong>PROYECCI\u00d3N DE VIDEO<\/strong><\/p>\n<p>12:00 h<\/p>\n<p>12:20 h<\/p>\n<p>12:40 h<\/p>\n<p>[\/et_pb_text][\/et_pb_column][\/et_pb_row][\/et_pb_section]<\/p>\n","protected":false},"excerpt":{"rendered":"<p>Programa P\u00fablico-m\u00e1s cerca de nada-,\u00a02023 Ale de la Puente \/ Emilio Hinojosa Carri\u00f3nVideo HD Audio 2.1 Est\u00e9reo \u2013 Duraci\u00f3n: 16\u201905 Edici\u00f3n video:\u00a0 Ale de la PuenteInt\u00e9rpretes: Carla Ben\u00edtez (viol\u00edn, viola), Diego Guti\u00e9rrez (violonchelo) y Juan Garc\u00eda (contrabajo)Composici\u00f3n, producci\u00f3n, edici\u00f3n y mezcla: Emilio Hinojosa Carri\u00f3nGrabaci\u00f3n y masterizaci\u00f3n: Jorge Sol\u00eds Arenazas. Una pieza audiovisual compuesta entre trazos, [&hellip;]<\/p>\n","protected":false},"author":2,"featured_media":0,"parent":0,"menu_order":0,"comment_status":"closed","ping_status":"closed","template":"","meta":{"_et_pb_use_builder":"on","_et_pb_old_content":"","_et_gb_content_width":"","footnotes":""},"class_list":["post-279","page","type-page","status-publish","hentry"],"_links":{"self":[{"href":"https:\/\/5deabrilde15232.com\/index.php\/wp-json\/wp\/v2\/pages\/279","targetHints":{"allow":["GET"]}}],"collection":[{"href":"https:\/\/5deabrilde15232.com\/index.php\/wp-json\/wp\/v2\/pages"}],"about":[{"href":"https:\/\/5deabrilde15232.com\/index.php\/wp-json\/wp\/v2\/types\/page"}],"author":[{"embeddable":true,"href":"https:\/\/5deabrilde15232.com\/index.php\/wp-json\/wp\/v2\/users\/2"}],"replies":[{"embeddable":true,"href":"https:\/\/5deabrilde15232.com\/index.php\/wp-json\/wp\/v2\/comments?post=279"}],"version-history":[{"count":2,"href":"https:\/\/5deabrilde15232.com\/index.php\/wp-json\/wp\/v2\/pages\/279\/revisions"}],"predecessor-version":[{"id":283,"href":"https:\/\/5deabrilde15232.com\/index.php\/wp-json\/wp\/v2\/pages\/279\/revisions\/283"}],"wp:attachment":[{"href":"https:\/\/5deabrilde15232.com\/index.php\/wp-json\/wp\/v2\/media?parent=279"}],"curies":[{"name":"wp","href":"https:\/\/api.w.org\/{rel}","templated":true}]}}

<p>[et_pb_section fb_built=&#8221;1&#8243; theme_builder_area=&#8221;post_content&#8221; _builder_version=&#8221;4.21.0&#8243; _module_preset=&#8221;default&#8221; global_colors_info=&#8221;{%22gcid-d06a74c0-103f-41bd-b263-26f07fa3acc5%22:%91%22background_color%22%93}&#8221; background_color=&#8221;gcid-d06a74c0-103f-41bd-b263-26f07fa3acc5&#8243; hover_enabled=&#8221;0&#8243; sticky_enabled=&#8221;0&#8243; custom_padding=&#8221;7px||4px|||&#8221;][et_pb_row _builder_version=&#8221;4.21.0&#8243; _module_preset=&#8221;default&#8221; theme_builder_area=&#8221;post_content&#8221;][et_pb_column _builder_version=&#8221;4.21.0&#8243; _module_preset=&#8221;default&#8221; type=&#8221;4_4&#8243; theme_builder_area=&#8221;post_content&#8221;][et_pb_text _builder_version=&#8221;4.21.0&#8243; _module_preset=&#8221;default&#8221; theme_builder_area=&#8221;post_content&#8221; global_colors_info=&#8221;{%22gcid-8b327c80-42ce-4469-b0d0-cd77681e6755%22:%91%22header_3_text_color%22%93,%22gcid-450e7035-fed4-479c-a2c4-dafe32bb1d01%22:%91%22header_2_text_color%22%93}&#8221; header_3_text_color=&#8221;gcid-8b327c80-42ce-4469-b0d0-cd77681e6755&#8243; header_2_text_color=&#8221;gcid-450e7035-fed4-479c-a2c4-dafe32bb1d01&#8243; hover_enabled=&#8221;0&#8243; sticky_enabled=&#8221;0&#8243; header_2_text_align=&#8221;center&#8221;]</p>
<h2><span>Programa Público</span></h2>
<p>[/et_pb_text][/et_pb_column][/et_pb_row][/et_pb_section][et_pb_section fb_built=&#8221;1&#8243; theme_builder_area=&#8221;post_content&#8221; _builder_version=&#8221;4.21.0&#8243; _module_preset=&#8221;default&#8221; global_colors_info=&#8221;{%22gcid-95532fe2-b533-45be-a1fd-121a4e99dc88%22:%91%22background_color%22%93}&#8221; background_color=&#8221;gcid-95532fe2-b533-45be-a1fd-121a4e99dc88&#8243; hover_enabled=&#8221;0&#8243; sticky_enabled=&#8221;0&#8243;][et_pb_row _builder_version=&#8221;4.21.0&#8243; _module_preset=&#8221;default&#8221; theme_builder_area=&#8221;post_content&#8221; column_structure=&#8221;1_3,1_3,1_3&#8243; max_width=&#8221;2560px&#8221; module_alignment=&#8221;center&#8221; custom_padding=&#8221;|80px||80px|false|false&#8221; hover_enabled=&#8221;0&#8243; sticky_enabled=&#8221;0&#8243;][et_pb_column _builder_version=&#8221;4.21.0&#8243; _module_preset=&#8221;default&#8221; type=&#8221;1_3&#8243; theme_builder_area=&#8221;post_content&#8221;][et_pb_image src=&#8221;http://5deabrilde15232.com/wp-content/uploads/2023/06/imgs_marca_5abril15232145.jpg&#8221; _builder_version=&#8221;4.21.0&#8243; _module_preset=&#8221;default&#8221; theme_builder_area=&#8221;post_content&#8221; max_width=&#8221;50%&#8221; hover_enabled=&#8221;0&#8243; sticky_enabled=&#8221;0&#8243;][/et_pb_image][/et_pb_column][et_pb_column _builder_version=&#8221;4.21.0&#8243; _module_preset=&#8221;default&#8221; type=&#8221;1_3&#8243; theme_builder_area=&#8221;post_content&#8221;][et_pb_text _builder_version=&#8221;4.21.0&#8243; _module_preset=&#8221;default&#8221; theme_builder_area=&#8221;post_content&#8221; hover_enabled=&#8221;0&#8243; sticky_enabled=&#8221;0&#8243;]</p>
<p><strong><em>-más cerca de nada-</em>,<span> </span></strong>2023</p>
<p>Ale de la Puente / Emilio Hinojosa Carrión<br />Video HD Audio 2.1 Estéreo – Duración: 16’05</p>
<p>Edición video:  Ale de la Puente<br />Intérpretes: Carla Benítez (violín, viola), Diego Gutiérrez (violonchelo) y Juan García (contrabajo)<br />Composición, producción, edición y mezcla: Emilio Hinojosa Carrión<br />Grabación y masterización: Jorge Solís Arenazas.</p>
<p>Una pieza audiovisual compuesta entre trazos, cielos, rocas y cuerdas frotadas. Imágenes de cuatro sitios de pinturas rupestres de Baja California visitados en mayo de 2022.</p>
<p>[/et_pb_text][/et_pb_column][et_pb_column _builder_version=&#8221;4.21.0&#8243; _module_preset=&#8221;default&#8221; type=&#8221;1_3&#8243; theme_builder_area=&#8221;post_content&#8221;][et_pb_text _builder_version=&#8221;4.21.0&#8243; _module_preset=&#8221;default&#8221; theme_builder_area=&#8221;post_content&#8221; text_line_height=&#8221;1em&#8221; hover_enabled=&#8221;0&#8243; sticky_enabled=&#8221;0&#8243;]</p>
<p><strong>PROYECCIÓN DE VIDEO</strong></p>
<p>12:00 h</p>
<p>12:20 h</p>
<p>12:40 h</p>
<p>[/et_pb_text][/et_pb_column][/et_pb_row][/et_pb_section]</p>

<p>Programa Público-más cerca de nada-, 2023 Ale de la Puente / Emilio Hinojosa CarriónVideo HD Audio 2.1 Estéreo – Duración: 16’05 Edición video:  Ale de la PuenteIntérpretes: Carla Benítez (violín, viola), Diego Gutiérrez (violonchelo) y Juan García (contrabajo)Composición, producción, edición y mezcla: Emilio Hinojosa CarriónGrabación y masterización: Jorge Solís Arenazas. Una pieza audiovisual compuesta entre trazos, [&hellip;]</p>
